{"id":2,"date":"2007-01-12T15:38:38","date_gmt":"2007-01-12T18:38:38","guid":{"rendered":""},"modified":"2021-05-13T16:59:14","modified_gmt":"2021-05-13T19:59:14","slug":"about","status":"publish","type":"page","link":"https:\/\/www.radians.com.ar\/blog\/?page_id=2","title":{"rendered":"Acerca de mi"},"content":{"rendered":"<h2 align=\"justify\">My Windows Insider MVP Profile: Mr. Roberto Di Lello<\/h2>\n<pre style=\"padding-left: 360px;\">https:\/\/insider.windows.com\/es-es\/mvps\/roberto-di-lello\nhttps:\/\/www.linkedin.com\/in\/robertodilello\/<br \/>https:\/\/twitter.com\/RADtech_AR<\/pre>\n<p>Last Updated: November, 2021<\/p>\n<h3 align=\"justify\">Primary Profile:<\/h3>\n<p align=\"justify\">I&#8217;m a Senior Consultant in Infraestructure based on Microsoft products with more than 25 years of experience in IT industry.<\/p>\n<p align=\"justify\">I was awarded as Windows Insider MVP for the last 2 years, and I&#8217;m a former Microsoft MVP in Directory Services &amp; Enterprise Mobility for 10 years. I got differents certifications as Microsoft Certified System Engineer (MCSE), Microsoft Certified System Administrator: Messaging (MCSA+M) and Microsoft Certified Technology Specialist (MCTS). Now on this weird 2020 I&#8217;m working to renew my MCT (actually MCT Alumni).<\/p>\n<p align=\"justify\">I worked in projects involving Migration, Implementation and Support of Microsoft Windows Active Directory, Microsoft Exchange Server and Communications environments, and with big desktop migrations to Windows 10 using different technologies. In the last years I was working building teams and abocated to datacenter migracions (cloud and mixed environments) and Offices integrations. Some of those projects were completed with Microsoft Consulting Services and Premier Services of Microsoft Argentina.<\/p>\n<p align=\"justify\">I had the honor to participate as Microsoft Staff in different international event as Microsoft TechEd NorthAmerica and MS Ignite, has former Microsoft MCT (MS Certified Trainer), and this year i was on Virtual MS Ignite too.<\/p>\n<p align=\"justify\">I collaborate in many Microsoft\u2019s Newsgroups in Spanish. I&#8217;m proudly one of the founders of Grupo Latinoamericano de Usuarios de Exchange (Exchange Server UG for LATAM based in Argentina) with more than 400 Exchange Server Users in Latin America and actively participates in Grupo Latinoamericano de Usuarios de Active Directory GLAD (Active Directory UG for LATAM based in Chile) with more than 200 Active Directory Users in Latin America. I wrote some articles about Active Directory and OCS 2007 for an IT Magazine NexIt Specialist (printed magazine).<\/p>\n<p align=\"justify\">Now I&#8217;m working to reborn a user group in Linkeding and invite all Windows 10 users and users from GLAD and Active Directory to join us. We already are more than 200 professionals.<\/p>\n<h3 align=\"justify\">Second Profile In: Spanish<\/h3>\n<p>Soy Consultor Senior en Infraestructura basado en productos de Microsoft con m\u00e1s de 25 a\u00f1os de experiencia en la industria de TI.<\/p>\n<p>Fui galardonado como Windows Insider MVP durante los \u00faltimos 2 a\u00f1os y ex MVP de Microsoft en servicios de directorio y movilidad empresarial durante 10 a\u00f1os. Obtuve diferentes certificaciones como Microsoft Certified System Engineer (MCSE), Microsoft Certified System Administrator: Messaging (MCSA + M) y Microsoft Certified Technology Specialist (MCTS). Ahora, en este extra\u00f1o 2020, estoy trabajando para renovar mi MCT (en realidad MCT Alumni).<\/p>\n<p>Trabaj\u00e9 en proyectos de Migraci\u00f3n, Implementaci\u00f3n y Soporte de entornos Microsoft Windows Active Directory, Microsoft Exchange Server y Comunicaciones, y con grandes migraciones de escritorios a Windows 10 utilizando diferentes tecnolog\u00edas. En los \u00faltimos a\u00f1os estuve trabajando en la construcci\u00f3n de equipos y me dediqu\u00e9 a migraciones de centros de datos (entornos mixtos y en la nube) e integraciones de Oficinas. Algunos de esos proyectos se completaron con Microsoft Consulting Services y Premier Services de Microsoft Argentina.<\/p>\n<p>Tuve el honor de participar como Microsoft Staff en diferentes eventos internacionales como Microsoft TechEd NorthAmerica y MS Ignite, ex Microsoft MCT (MS Certified Trainer), y este a\u00f1o tambi\u00e9n estuve en Virtual MS Ignite.<\/p>\n<p>Colaboro en muchos grupos de noticias de Microsoft en espa\u00f1ol. Soy uno de los fundadores del Grupo Latinoamericano de Usuarios de Exchange (Exchange Server UG para LATAM con sede en Argentina) con m\u00e1s de 400 usuarios de Exchange Server en Am\u00e9rica Latina y participo activamente en el Grupo Latinoamericano de Usuarios de Active Directory GLAD (Active Directory UG para LATAM con sede en Chile) con m\u00e1s de 200 usuarios de Active Directory en Am\u00e9rica Latina. Escrib\u00ed algunos art\u00edculos sobre Active Directory y OCS 2007 para una revista IT Magazine NexIt Specialist (revista impresa).<\/p>\n<p>Ahora estoy trabajando para renacer un grupo de usuarios en Linkeding e invitar a todos los usuarios de Windows 10 y a los usuarios de GLAD y Active Directory a unirse a nosotros. Ya somos m\u00e1s de 200 profesionales.<\/p>\n<h3 align=\"justify\">My Web Site: <a href=\"https:\/\/www.radians.com.ar\/blog\">RADians.com.ar<\/a><\/h3>\n<h3>Servicios Profesionales: <a href=\"https:\/\/rad-tech.ar\/\">RAD-tech.ar<\/a><\/h3>\n\n\n<p><\/p>\n","protected":false},"excerpt":{"rendered":"<p>My Windows Insider MVP Profile: Mr. Roberto Di Lello https:\/\/insider.windows.com\/es-es\/mvps\/roberto-di-lello https:\/\/www.linkedin.com\/in\/robertodilello\/https:\/\/twitter.com\/RADtech_AR Last Updated: November, 2021&#8230;<\/p>\n","protected":false},"author":1,"featured_media":4291,"parent":0,"menu_order":0,"comment_status":"closed","ping_status":"closed","template":"","meta":{"_monsterinsights_skip_tracking":false,"_monsterinsights_sitenote_active":false,"_monsterinsights_sitenote_note":"","_monsterinsights_sitenote_category":0,"footnotes":""},"class_list":["post-2","page","type-page","status-publish","has-post-thumbnail","hentry"],"_links":{"self":[{"href":"https:\/\/www.radians.com.ar\/blog\/index.php?rest_route=\/wp\/v2\/pages\/2","targetHints":{"allow":["GET"]}}],"collection":[{"href":"https:\/\/www.radians.com.ar\/blog\/index.php?rest_route=\/wp\/v2\/pages"}],"about":[{"href":"https:\/\/www.radians.com.ar\/blog\/index.php?rest_route=\/wp\/v2\/types\/page"}],"author":[{"embeddable":true,"href":"https:\/\/www.radians.com.ar\/blog\/index.php?rest_route=\/wp\/v2\/users\/1"}],"replies":[{"embeddable":true,"href":"https:\/\/www.radians.com.ar\/blog\/index.php?rest_route=%2Fwp%2Fv2%2Fcomments&post=2"}],"version-history":[{"count":22,"href":"https:\/\/www.radians.com.ar\/blog\/index.php?rest_route=\/wp\/v2\/pages\/2\/revisions"}],"predecessor-version":[{"id":4917,"href":"https:\/\/www.radians.com.ar\/blog\/index.php?rest_route=\/wp\/v2\/pages\/2\/revisions\/4917"}],"wp:featuredmedia":[{"embeddable":true,"href":"https:\/\/www.radians.com.ar\/blog\/index.php?rest_route=\/wp\/v2\/media\/4291"}],"wp:attachment":[{"href":"https:\/\/www.radians.com.ar\/blog\/index.php?rest_route=%2Fwp%2Fv2%2Fmedia&parent=2"}],"curies":[{"name":"wp","href":"https:\/\/api.w.org\/{rel}","templated":true}]}}

<h2 align="justify">My Windows Insider MVP Profile: Mr. Roberto Di Lello</h2>
<pre style="padding-left: 360px;">https://insider.windows.com/es-es/mvps/roberto-di-lello
https://www.linkedin.com/in/robertodilello/<br />https://twitter.com/RADtech_AR</pre>
<p>Last Updated: November, 2021</p>
<h3 align="justify">Primary Profile:</h3>
<p align="justify">I&#8217;m a Senior Consultant in Infraestructure based on Microsoft products with more than 25 years of experience in IT industry.</p>
<p align="justify">I was awarded as Windows Insider MVP for the last 2 years, and I&#8217;m a former Microsoft MVP in Directory Services &amp; Enterprise Mobility for 10 years. I got differents certifications as Microsoft Certified System Engineer (MCSE), Microsoft Certified System Administrator: Messaging (MCSA+M) and Microsoft Certified Technology Specialist (MCTS). Now on this weird 2020 I&#8217;m working to renew my MCT (actually MCT Alumni).</p>
<p align="justify">I worked in projects involving Migration, Implementation and Support of Microsoft Windows Active Directory, Microsoft Exchange Server and Communications environments, and with big desktop migrations to Windows 10 using different technologies. In the last years I was working building teams and abocated to datacenter migracions (cloud and mixed environments) and Offices integrations. Some of those projects were completed with Microsoft Consulting Services and Premier Services of Microsoft Argentina.</p>
<p align="justify">I had the honor to participate as Microsoft Staff in different international event as Microsoft TechEd NorthAmerica and MS Ignite, has former Microsoft MCT (MS Certified Trainer), and this year i was on Virtual MS Ignite too.</p>
<p align="justify">I collaborate in many Microsoft’s Newsgroups in Spanish. I&#8217;m proudly one of the founders of Grupo Latinoamericano de Usuarios de Exchange (Exchange Server UG for LATAM based in Argentina) with more than 400 Exchange Server Users in Latin America and actively participates in Grupo Latinoamericano de Usuarios de Active Directory GLAD (Active Directory UG for LATAM based in Chile) with more than 200 Active Directory Users in Latin America. I wrote some articles about Active Directory and OCS 2007 for an IT Magazine NexIt Specialist (printed magazine).</p>
<p align="justify">Now I&#8217;m working to reborn a user group in Linkeding and invite all Windows 10 users and users from GLAD and Active Directory to join us. We already are more than 200 professionals.</p>
<h3 align="justify">Second Profile In: Spanish</h3>
<p>Soy Consultor Senior en Infraestructura basado en productos de Microsoft con más de 25 años de experiencia en la industria de TI.</p>
<p>Fui galardonado como Windows Insider MVP durante los últimos 2 años y ex MVP de Microsoft en servicios de directorio y movilidad empresarial durante 10 años. Obtuve diferentes certificaciones como Microsoft Certified System Engineer (MCSE), Microsoft Certified System Administrator: Messaging (MCSA + M) y Microsoft Certified Technology Specialist (MCTS). Ahora, en este extraño 2020, estoy trabajando para renovar mi MCT (en realidad MCT Alumni).</p>
<p>Trabajé en proyectos de Migración, Implementación y Soporte de entornos Microsoft Windows Active Directory, Microsoft Exchange Server y Comunicaciones, y con grandes migraciones de escritorios a Windows 10 utilizando diferentes tecnologías. En los últimos años estuve trabajando en la construcción de equipos y me dediqué a migraciones de centros de datos (entornos mixtos y en la nube) e integraciones de Oficinas. Algunos de esos proyectos se completaron con Microsoft Consulting Services y Premier Services de Microsoft Argentina.</p>
<p>Tuve el honor de participar como Microsoft Staff en diferentes eventos internacionales como Microsoft TechEd NorthAmerica y MS Ignite, ex Microsoft MCT (MS Certified Trainer), y este año también estuve en Virtual MS Ignite.</p>
<p>Colaboro en muchos grupos de noticias de Microsoft en español. Soy uno de los fundadores del Grupo Latinoamericano de Usuarios de Exchange (Exchange Server UG para LATAM con sede en Argentina) con más de 400 usuarios de Exchange Server en América Latina y participo activamente en el Grupo Latinoamericano de Usuarios de Active Directory GLAD (Active Directory UG para LATAM con sede en Chile) con más de 200 usuarios de Active Directory en América Latina. Escribí algunos artículos sobre Active Directory y OCS 2007 para una revista IT Magazine NexIt Specialist (revista impresa).</p>
<p>Ahora estoy trabajando para renacer un grupo de usuarios en Linkeding e invitar a todos los usuarios de Windows 10 y a los usuarios de GLAD y Active Directory a unirse a nosotros. Ya somos más de 200 profesionales.</p>
<h3 align="justify">My Web Site: <a href="https://www.radians.com.ar/blog">RADians.com.ar</a></h3>
<h3>Servicios Profesionales: <a href="https://rad-tech.ar/">RAD-tech.ar</a></h3>


<p></p>
